[INFO] cloning repository https://github.com/Haggus/monarch
[INFO] running `Command { std: "git" "-c" "credential.helper=" "-c" "credential.helper=/workspace/cargo-home/bin/git-credential-null" "clone" "--bare" "https://github.com/Haggus/monarch" "/workspace/cache/git-repos/https%3A%2F%2Fgithub.com%2FHaggus%2Fmonarch", kill_on_drop: false }`
[INFO] [stderr] Cloning into bare repository '/workspace/cache/git-repos/https%3A%2F%2Fgithub.com%2FHaggus%2Fmonarch'...
[INFO] running `Command { std: "git" "rev-parse" "HEAD", kill_on_drop: false }`
[INFO] [stdout] 9269a63301350539b63b8c0d20d8877f074e9fe8
[INFO] checking Haggus/monarch against master#cfbc6d4cf1acbac5c025acf8ed68929caa551df3 for pr-75494-beta
[INFO] running `Command { std: "git" "clone" "/workspace/cache/git-repos/https%3A%2F%2Fgithub.com%2FHaggus%2Fmonarch" "/workspace/builds/worker-12/source", kill_on_drop: false }`
[INFO] [stderr] Cloning into '/workspace/builds/worker-12/source'...
[INFO] [stderr] done.
[INFO] validating manifest of git repo https://github.com/Haggus/monarch on toolchain cfbc6d4cf1acbac5c025acf8ed68929caa551df3
[INFO] running `Command { std: "/workspace/cargo-home/bin/cargo" "+cfbc6d4cf1acbac5c025acf8ed68929caa551df3" "read-manifest" "--manifest-path" "Cargo.toml", kill_on_drop: false }`
[INFO] started tweaking git repo https://github.com/Haggus/monarch
[INFO] finished tweaking git repo https://github.com/Haggus/monarch
[INFO] tweaked toml for git repo https://github.com/Haggus/monarch written to /workspace/builds/worker-12/source/Cargo.toml
[INFO] crate git repo https://github.com/Haggus/monarch already has a lockfile, it will not be regenerated
[INFO] running `Command { std: "/workspace/cargo-home/bin/cargo" "+cfbc6d4cf1acbac5c025acf8ed68929caa551df3" "fetch" "--locked" "--manifest-path" "Cargo.toml", kill_on_drop: false }`
[INFO] [stderr] error: the lock file /workspace/builds/worker-12/source/Cargo.lock needs to be updated but --locked was passed to prevent this
[INFO] [stderr] If you want to try to generate the lock file without accessing the network, use the --offline flag.
[INFO] the lockfile is outdated, regenerating it
[INFO] running `Command { std: "/workspace/cargo-home/bin/cargo" "+cfbc6d4cf1acbac5c025acf8ed68929caa551df3" "generate-lockfile" "--manifest-path" "Cargo.toml" "-Zno-index-update", kill_on_drop: false }`
[INFO] [stderr]     Blocking waiting for file lock on package cache
[INFO] running `Command { std: "/workspace/cargo-home/bin/cargo" "+cfbc6d4cf1acbac5c025acf8ed68929caa551df3" "fetch" "--locked" "--manifest-path" "Cargo.toml", kill_on_drop: false }`
[INFO] [stderr]     Blocking waiting for file lock on package cache
[INFO] running `Command { std: "docker" "create" "-v" "/var/lib/crater-agent-workspace/builds/worker-12/target:/opt/rustwide/target:rw,Z" "-v" "/var/lib/crater-agent-workspace/builds/worker-12/source:/opt/rustwide/workdir:ro,Z" "-v" "/var/lib/crater-agent-workspace/cargo-home:/opt/rustwide/cargo-home:ro,Z" "-v" "/var/lib/crater-agent-workspace/rustup-home:/opt/rustwide/rustup-home:ro,Z" "-e" "SOURCE_DIR=/opt/rustwide/workdir" "-e" "CARGO_TARGET_DIR=/opt/rustwide/target" "-e" "CARGO_HOME=/opt/rustwide/cargo-home" "-e" "RUSTUP_HOME=/opt/rustwide/rustup-home" "-w" "/opt/rustwide/workdir" "-m" "1610612736" "--user" "0:0" "--network" "none" "rustops/crates-build-env@sha256:a636fd89d022f18117e1dc8fb37a0a009933cdbbe082814857f0e2024962d47c" "/opt/rustwide/cargo-home/bin/cargo" "+cfbc6d4cf1acbac5c025acf8ed68929caa551df3" "metadata" "--no-deps" "--format-version=1", kill_on_drop: false }`
[INFO] [stdout] d37713032e14937d0a347b8e639c6f97eb3fd878d28361927fc8144af7ff675e
[INFO] [stderr] WARNING: Your kernel does not support swap limit capabilities or the cgroup is not mounted. Memory limited without swap.
[INFO] running `Command { std: "docker" "start" "-a" "d37713032e14937d0a347b8e639c6f97eb3fd878d28361927fc8144af7ff675e", kill_on_drop: false }`
[INFO] running `Command { std: "docker" "inspect" "d37713032e14937d0a347b8e639c6f97eb3fd878d28361927fc8144af7ff675e", kill_on_drop: false }`
[INFO] running `Command { std: "docker" "rm" "-f" "d37713032e14937d0a347b8e639c6f97eb3fd878d28361927fc8144af7ff675e", kill_on_drop: false }`
[INFO] [stdout] d37713032e14937d0a347b8e639c6f97eb3fd878d28361927fc8144af7ff675e
[INFO] running `Command { std: "docker" "create" "-v" "/var/lib/crater-agent-workspace/builds/worker-12/target:/opt/rustwide/target:rw,Z" "-v" "/var/lib/crater-agent-workspace/builds/worker-12/source:/opt/rustwide/workdir:ro,Z" "-v" "/var/lib/crater-agent-workspace/cargo-home:/opt/rustwide/cargo-home:ro,Z" "-v" "/var/lib/crater-agent-workspace/rustup-home:/opt/rustwide/rustup-home:ro,Z" "-e" "SOURCE_DIR=/opt/rustwide/workdir" "-e" "CARGO_TARGET_DIR=/opt/rustwide/target" "-e" "CARGO_INCREMENTAL=0" "-e" "RUST_BACKTRACE=full" "-e" "RUSTFLAGS=--cap-lints=forbid" "-e" "CARGO_HOME=/opt/rustwide/cargo-home" "-e" "RUSTUP_HOME=/opt/rustwide/rustup-home" "-w" "/opt/rustwide/workdir" "-m" "1610612736" "--user" "0:0" "--network" "none" "rustops/crates-build-env@sha256:a636fd89d022f18117e1dc8fb37a0a009933cdbbe082814857f0e2024962d47c" "/opt/rustwide/cargo-home/bin/cargo" "+cfbc6d4cf1acbac5c025acf8ed68929caa551df3" "check" "--frozen" "--all" "--all-targets" "--message-format=json", kill_on_drop: false }`
[INFO] [stdout] b2832131be94ef79ccc11f565ddb83fe0e73e128077517ffbd57f00014a56774
[INFO] [stderr] WARNING: Your kernel does not support swap limit capabilities or the cgroup is not mounted. Memory limited without swap.
[INFO] running `Command { std: "docker" "start" "-a" "b2832131be94ef79ccc11f565ddb83fe0e73e128077517ffbd57f00014a56774", kill_on_drop: false }`
[INFO] [stderr]    Compiling maybe-uninit v2.0.0
[INFO] [stderr]    Compiling syn v1.0.39
[INFO] [stderr]    Compiling serde_derive v1.0.115
[INFO] [stderr]    Compiling serde v1.0.115
[INFO] [stderr]     Checking strsim v0.9.3
[INFO] [stderr]    Compiling num-integer v0.1.43
[INFO] [stderr]     Checking thread_local v1.0.1
[INFO] [stderr]     Checking crossbeam-utils v0.7.2
[INFO] [stderr]     Checking crc32fast v1.2.0
[INFO] [stderr]     Checking regex v1.3.9
[INFO] [stderr]     Checking png v0.16.7
[INFO] [stderr]     Checking crossbeam-epoch v0.8.2
[INFO] [stderr]     Checking crossbeam-queue v0.2.3
[INFO] [stderr]     Checking crossbeam-deque v0.7.3
[INFO] [stderr]     Checking num-iter v0.1.41
[INFO] [stderr]     Checking num-rational v0.3.0
[INFO] [stderr]     Checking rayon-core v1.7.1
[INFO] [stderr]     Checking rayon v1.3.1
[INFO] [stderr]     Checking jpeg-decoder v0.1.20
[INFO] [stderr]     Checking image v0.23.8
[INFO] [stderr]    Compiling time-macros-impl v0.1.1
[INFO] [stderr]     Checking time-macros v0.1.0
[INFO] [stderr]     Checking time v0.2.16
[INFO] [stderr]     Checking docopt v1.1.0
[INFO] [stderr]     Checking monarch v0.1.0 (/opt/rustwide/workdir)
[INFO] [stdout] error[E0432]: unresolved import `time::now`
[INFO] [stdout]  --> src/main.rs:6:5
[INFO] [stdout]   |
[INFO] [stdout] 6 | use time::now;
[INFO] [stdout]   |     ^^^^^^^^^ no `now` in the root
[INFO] [stdout] 
[INFO] [stdout] 
[INFO] [stdout] error[E0432]: unresolved import `time::now`
[INFO] [stdout]  --> src/main.rs:6:5
[INFO] [stdout]   |
[INFO] [stdout] 6 | use time::now;
[INFO] [stdout]   |     ^^^^^^^^^ no `now` in the root
[INFO] [stdout] 
[INFO] [stdout] 
[INFO] [stdout] error[E0425]: cannot find function `now` in crate `time`
[INFO] [stdout]   --> src/main.rs:18:23
[INFO] [stdout]    |
[INFO] [stdout] 18 |     let start = time::now();
[INFO] [stdout]    |                       ^^^ not found in `time`
[INFO] [stdout]    |
[INFO] [stdout] help: consider importing this function
[INFO] [stdout]    |
[INFO] [stdout] 6  | use palette::io::sys::time::inner::now;
[INFO] [stdout]    |
[INFO] [stdout] 
[INFO] [stdout] 
[INFO] [stdout] error[E0425]: cannot find function `now` in crate `time`
[INFO] [stdout]   --> src/main.rs:37:21
[INFO] [stdout]    |
[INFO] [stdout] 37 |     let end = time::now();
[INFO] [stdout]    |                     ^^^ not found in `time`
[INFO] [stdout]    |
[INFO] [stdout] help: consider importing this function
[INFO] [stdout]    |
[INFO] [stdout] 6  | use palette::io::sys::time::inner::now;
[INFO] [stdout]    |
[INFO] [stdout] 
[INFO] [stdout] 
[INFO] [stdout] warning: unused import: `GenericImage`
[INFO] [stdout]  --> src/palette.rs:3:13
[INFO] [stdout]   |
[INFO] [stdout] 3 | use image::{GenericImage, ImageBuffer, Rgba};
[INFO] [stdout]   |             ^^^^^^^^^^^^
[INFO] [stdout]   |
[INFO] [stdout]   = note: `#[warn(unused_imports)]` on by default
[INFO] [stdout] 
[INFO] [stdout] 
[INFO] [stdout] warning: `...` range patterns are deprecated
[INFO] [stdout]   --> src/palette.rs:22:14
[INFO] [stdout]    |
[INFO] [stdout] 22 |             0...2 => 2,
[INFO] [stdout]    |              ^^^ help: use `..=` for an inclusive range
[INFO] [stdout]    |
[INFO] [stdout]    = note: `#[warn(ellipsis_inclusive_range_patterns)]` on by default
[INFO] [stdout] 
[INFO] [stdout] 
[INFO] [stdout] warning: unused import: `image::GenericImage`
[INFO] [stdout]  --> src/main.rs:7:5
[INFO] [stdout]   |
[INFO] [stdout] 7 | use image::GenericImage;
[INFO] [stdout]   |     ^^^^^^^^^^^^^^^^^^^
[INFO] [stdout] 
[INFO] [stdout] 
[INFO] [stdout] error[E0425]: cannot find function `now` in crate `time`
[INFO] [stdout]   --> src/main.rs:18:23
[INFO] [stdout]    |
[INFO] [stdout] 18 |     let start = time::now();
[INFO] [stdout]    |                       ^^^ not found in `time`
[INFO] [stdout]    |
[INFO] [stdout] help: consider importing this function
[INFO] [stdout]    |
[INFO] [stdout] 6  | use palette::io::sys::time::inner::now;
[INFO] [stdout]    |
[INFO] [stdout] 
[INFO] [stdout] 
[INFO] [stdout] error[E0425]: cannot find function `now` in crate `time`
[INFO] [stdout]   --> src/main.rs:37:21
[INFO] [stdout]    |
[INFO] [stdout] 37 |     let end = time::now();
[INFO] [stdout]    |                     ^^^ not found in `time`
[INFO] [stdout]    |
[INFO] [stdout] help: consider importing this function
[INFO] [stdout]    |
[INFO] [stdout] 6  | use palette::io::sys::time::inner::now;
[INFO] [stdout]    |
[INFO] [stdout] 
[INFO] [stdout] 
[INFO] [stdout] warning: unused import: `GenericImage`
[INFO] [stdout]  --> src/palette.rs:3:13
[INFO] [stdout]   |
[INFO] [stdout] 3 | use image::{GenericImage, ImageBuffer, Rgba};
[INFO] [stdout]   |             ^^^^^^^^^^^^
[INFO] [stdout]   |
[INFO] [stdout]   = note: `#[warn(unused_imports)]` on by default
[INFO] [stdout] 
[INFO] [stdout] 
[INFO] [stdout] warning: `...` range patterns are deprecated
[INFO] [stdout]   --> src/palette.rs:22:14
[INFO] [stdout]    |
[INFO] [stdout] 22 |             0...2 => 2,
[INFO] [stdout]    |              ^^^ help: use `..=` for an inclusive range
[INFO] [stdout]    |
[INFO] [stdout]    = note: `#[warn(ellipsis_inclusive_range_patterns)]` on by default
[INFO] [stdout] 
[INFO] [stdout] 
[INFO] [stdout] warning: unused import: `image::GenericImage`
[INFO] [stdout]  --> src/main.rs:7:5
[INFO] [stdout]   |
[INFO] [stdout] 7 | use image::GenericImage;
[INFO] [stdout]   |     ^^^^^^^^^^^^^^^^^^^
[INFO] [stdout] 
[INFO] [stdout] 
[INFO] [stdout] error[E0599]: no method named `dimensions` found for enum `image::DynamicImage` in the current scope
[INFO] [stdout]   --> src/main.rs:14:31
[INFO] [stdout]    |
[INFO] [stdout] 14 |     let (width, height) = img.dimensions();
[INFO] [stdout]    |                               ^^^^^^^^^^ method not found in `image::DynamicImage`
[INFO] [stdout]    |
[INFO] [stdout]    = help: items from traits can only be used if the trait is in scope
[INFO] [stdout] help: the following trait is implemented but not in scope; perhaps add a `use` for it:
[INFO] [stdout]    |
[INFO] [stdout] 6  | use image::GenericImageView;
[INFO] [stdout]    |
[INFO] [stdout] 
[INFO] [stdout] 
[INFO] [stdout] error[E0599]: no method named `dimensions` found for enum `image::DynamicImage` in the current scope
[INFO] [stdout]   --> src/main.rs:14:31
[INFO] [stdout]    |
[INFO] [stdout] 14 |     let (width, height) = img.dimensions();
[INFO] [stdout]    |                               ^^^^^^^^^^ method not found in `image::DynamicImage`
[INFO] [stdout]    |
[INFO] [stdout]    = help: items from traits can only be used if the trait is in scope
[INFO] [stdout] help: the following trait is implemented but not in scope; perhaps add a `use` for it:
[INFO] [stdout]    |
[INFO] [stdout] 6  | use image::GenericImageView;
[INFO] [stdout]    |
[INFO] [stdout] 
[INFO] [stdout] 
[INFO] [stderr] error: could not compile `monarch`.
[INFO] [stdout] error[E0599]: no method named `pixels` found for enum `image::DynamicImage` in the current scope
[INFO] [stdout]   --> src/main.rs:19:33
[INFO] [stdout]    |
[INFO] [stdout] 19 |     for (i, (_, _, pix)) in img.pixels().enumerate() {
[INFO] [stdout]    |                                 ^^^^^^ method not found in `image::DynamicImage`
[INFO] [stdout]    |
[INFO] [stdout]    = help: items from traits can only be used if the trait is in scope
[INFO] [stdout] help: the following trait is implemented but not in scope; perhaps add a `use` for it:
[INFO] [stdout]    |
[INFO] [stdout] 6  | use image::GenericImageView;
[INFO] [stdout]    |
[INFO] [stdout] 
[INFO] [stdout] 
[INFO] [stderr] 
[INFO] [stdout] error[E0308]: mismatched types
[INFO] [stdout]   --> src/palette.rs:34:9
[INFO] [stdout]    |
[INFO] [stdout] 20 |     pub fn generate(&mut self) -> Result<(), io::Error> {
[INFO] [stdout]    |                                   --------------------- expected `std::result::Result<(), std::io::Error>` because of return type
[INFO] [stdout] ...
[INFO] [stdout] 34 |         new_img.save("test_palette.png")
[INFO] [stdout]    |         ^^^^^^^^^^^^^^^^^^^^^^^^^^^^^^^^ expected struct `std::io::Error`, found enum `image::ImageError`
[INFO] [stdout]    |
[INFO] [stdout]    = note: expected enum `std::result::Result<_, std::io::Error>`
[INFO] [stdout]               found enum `std::result::Result<_, image::ImageError>`
[INFO] [stdout] 
[INFO] [stdout] 
[INFO] [stderr] To learn more, run the command again with --verbose.
[INFO] [stdout] error: aborting due to 6 previous errors; 3 warnings emitted
[INFO] [stdout] 
[INFO] [stdout] 
[INFO] [stderr] warning: build failed, waiting for other jobs to finish...
[INFO] [stdout] Some errors have detailed explanations: E0308, E0425, E0432, E0599.
[INFO] [stdout] 
[INFO] [stdout] For more information about an error, try `rustc --explain E0308`.
[INFO] [stdout] 
[INFO] [stdout] error[E0599]: no method named `pixels` found for enum `image::DynamicImage` in the current scope
[INFO] [stdout]   --> src/main.rs:19:33
[INFO] [stdout]    |
[INFO] [stdout] 19 |     for (i, (_, _, pix)) in img.pixels().enumerate() {
[INFO] [stdout]    |                                 ^^^^^^ method not found in `image::DynamicImage`
[INFO] [stdout]    |
[INFO] [stdout]    = help: items from traits can only be used if the trait is in scope
[INFO] [stdout] help: the following trait is implemented but not in scope; perhaps add a `use` for it:
[INFO] [stdout]    |
[INFO] [stdout] 6  | use image::GenericImageView;
[INFO] [stdout]    |
[INFO] [stdout] 
[INFO] [stdout] 
[INFO] [stdout] error[E0308]: mismatched types
[INFO] [stdout]   --> src/palette.rs:34:9
[INFO] [stdout]    |
[INFO] [stdout] 20 |     pub fn generate(&mut self) -> Result<(), io::Error> {
[INFO] [stdout]    |                                   --------------------- expected `std::result::Result<(), std::io::Error>` because of return type
[INFO] [stdout] ...
[INFO] [stdout] 34 |         new_img.save("test_palette.png")
[INFO] [stdout]    |         ^^^^^^^^^^^^^^^^^^^^^^^^^^^^^^^^ expected struct `std::io::Error`, found enum `image::ImageError`
[INFO] [stdout]    |
[INFO] [stdout]    = note: expected enum `std::result::Result<_, std::io::Error>`
[INFO] [stdout]               found enum `std::result::Result<_, image::ImageError>`
[INFO] [stdout] 
[INFO] [stdout] 
[INFO] [stdout] error: aborting due to 6 previous errors; 3 warnings emitted
[INFO] [stdout] 
[INFO] [stdout] 
[INFO] [stdout] Some errors have detailed explanations: E0308, E0425, E0432, E0599.
[INFO] [stdout] 
[INFO] [stdout] For more information about an error, try `rustc --explain E0308`.
[INFO] [stdout] 
[INFO] [stderr] error: build failed
[INFO] running `Command { std: "docker" "inspect" "b2832131be94ef79ccc11f565ddb83fe0e73e128077517ffbd57f00014a56774", kill_on_drop: false }`
[INFO] running `Command { std: "docker" "rm" "-f" "b2832131be94ef79ccc11f565ddb83fe0e73e128077517ffbd57f00014a56774", kill_on_drop: false }`
[INFO] [stdout] b2832131be94ef79ccc11f565ddb83fe0e73e128077517ffbd57f00014a56774
